2, 3
Suppose -96 = -5*j + 24. What are the prime factors of j?
2, 3
Let m = -9 + 18. Let s(k) be the first derivative of -k**2/2 + 13*k - 20. What are the prime factors of s(m)?
2
Let r(d) = -2*d**3 - 2*d**2 - 4*d + 1. What are the prime factors of r(-3)?
7
Let z = -74 + 105. Suppose -s + z = 2*d, -3*d - 3*s = -d - 29. Suppose 4 - d = -4*v. What are the prime factors of v?
3
Let w be (8/(-10))/((-1)/5). Suppose -2*c = -n - 19, w*n + 15 = -5*c - 9. Let h = 18 + n. List the prime factors of h.
7
Suppose 2*f + 0 - 4 = 0. Let s = 5 + -15. Let c = f - s. What are the prime factors of c?
2, 3
Suppose -119 = -3*k + 4*p - 45, 24 = k - 2*p. What are the prime factors of k?
2, 13
Let w(r) = r**3 + 5*r**2 + r + 1. Let s be w(-5). Let x = s + 4. Let z(f) = f**2 - f + 9. List the prime factors of z(x).
3
Let j(z) = -4*z - 1. Suppose 3*u - 2*l - 1 = -l, 4*l = 2*u - 14. Let b be j(u). Suppose -b*f + 0*m + 19 = -4*m, -2*m - 23 = -3*f. List the prime factors of f.
3
Let a(k) = k**3 - 3*k + 1. Let i be a(2). Suppose -91 = -4*n - i*p, 25 - 109 = -4*n + 4*p. Let v = 34 - n. What are the prime factors of v?
2, 3
Let y be 10 - ((-12)/(-3) + -2). Suppose 4*x - y = 12. Let q = x + -3. What are the prime factors of q?
2
Suppose 0*t + 5*t = 3*r + 16, -2*t = -2*r - 4. List the prime factors of t.
5
Let p(d) = -d**3 - 10*d**2 + 5*d + 3. What are the prime factors of p(-11)?
3, 23
Suppose -535 = 8*m - 1783. List the prime factors of m.
2, 3, 13
Suppose v = j - 8, 4*v = 2*v - 4*j - 16. Let x = v - -19. List the prime factors of x.
11
Suppose -3*i = 9 - 30. Suppose -2*g = -i*g + 55. List the prime factors of g.
11
Let b(k) = k**3 + 4*k**2 - 6*k - 5. Let m be b(-5). What are the prime factors of (-4)/(-2) + m/(-1)?
2
Let n(t) = -3*t + 1. Let v be n(-1). Suppose o - 10 = -v*o. Suppose -4*j = i - 28, -o*j = 5*i - 0*i - 14. What are the prime factors of j?
7
Let x(z) = z**3 + 7*z**2 + 5*z - 7. Let j be x(-6). List the prime factors of (5 + 3)*1 - j.
3
Let k = -39 + 93. List the prime factors of k.
2, 3
Let u(c) = c + 23. List the prime factors of u(11).
2, 17
What are the prime factors of -2*((-23)/2 + 3)?
17
Suppose 12*v = 16*v - 32. List the prime factors of v.
2
What are the prime factors of 4 + -1 + 42 + -2?
43
Let m(p) = -p**3 - 17*p**2 - 17*p - 6. List the prime factors of m(-16).
2, 5
Let x = 3 + -4. Let a be (-6)/(-9)*6 - 0. Let n = x + a. What are the prime factors of n?
3
Let x be (-4)/(-14) + 64/(-28). List the prime factors of (3 + x - 10)/(-1).
3
Suppose 0 = -3*g - p + 9, 2*p + 9 = 3*g - 3*p. Let f be g/6*-1*-4. Suppose 3*i = -3*u + 17 + 4, -f*u + 22 = -2*i. List the prime factors of u.
3
Let q = 10 + -6. Suppose -q*d = -38 + 2. List the prime factors of d.
3
Let j(g) = 1 + 2*g - 1 + 7 - g. Let l be j(8). Suppose -l = 4*x - 59. What are the prime factors of x?
11
Let y(u) = -27*u - 7. What are the prime factors of y(-2)?
47
Let p = -16 + 16. Let w(k) be the first derivative of k**2/2 + 11*k + 1. List the prime factors of w(p).
11
Let j = -1 + 3. Suppose 5*d = -2*t + 19, 4*d - 46 = -5*t + j*t. List the prime factors of t.
2, 11
Let q(k) = -k - 4. Let n be q(-3). Let m be 7/(21/18) + n. Suppose m*y + 4*o - 1 = -3, o = 5*y - 13. What are the prime factors of y?
2
Let m be (-1)/(((-10)/16)/5). Suppose 0*g - m = -2*g. List the prime factors of 4/(-6)*(-12)/g.
2
Suppose -u + 6 = -0*u. Suppose u*i = 4*i + 10. List the prime factors of i.
5
Suppose 32 = -2*o + 104. List the prime factors of o.
2, 3
Suppose -3*k - 2*y + 5*y = 174, -2*k - 3*y - 96 = 0. Let b = 84 + k. What are the prime factors of b?
2, 3, 5
Let j be 2*-1*(-5 - -4). Let l be 1/j*248/4. Let h = l - 20. What are the prime factors of h?
11
Let q(m) = 5*m**2 - 2*m + 1. Let l(j) = 6*j**2 - 3*j. Let u(i) = -4*l(i) + 5*q(i). What are the prime factors of u(-6)?
29
Let k(q) = 46*q - 11. Let m(x) = 23*x - 6. Let j(o) = 3*k(o) - 5*m(o). List the prime factors of j(2).
43
Suppose -1 = -4*d - 57. List the prime factors of (-1)/(3/(-3)) - d.
3, 5
Let u(r) = -r**2 - 3*r + 4. Let i be u(-4). Suppose 7 = 2*a + 3. Suppose i*j = -j + a. What are the prime factors of j?
2
Let x = -518 - -860. What are the prime factors of x?
2, 3, 19
Suppose 4*o - 3*v = 80, 5*v = -0*o - 3*o + 31. List the prime factors of o.
17
List the prime factors of (22 - (-3 + 2))*12/6.
2, 23
Let s(m) be the second derivative of m**4/6 + m**3/3 + 4*m. What are the prime factors of s(-2)?
2
Let n be (-5 + -300)*(-12)/10. Suppose -122 = 4*c - n. Suppose 4*o - c + 5 = 0. List the prime factors of o.
2, 7
Suppose -3*z = -5*z - 8. What are the prime factors of (-1)/(-2*z/(-216))?
3
Let k be -2 + (-4)/(-2) + 0. Suppose 6*f + 4*o = 2*f + 36, -5*o - 36 = -4*f. Suppose k = 3*x - 0*x - f. List the prime factors of x.
3
Suppose 0 = -5*w + 4*q + 651, -5*w - q = -251 - 380. What are the prime factors of w?
127
Let d = 88 - 63. What are the prime factors of d?
5
Let c(i) = -3*i - 5. Let g be c(-4). Let x(b) = g*b + 2 + 8 - 3 + b + b**2. List the prime factors of x(-8).
7
Suppose -4*o = 7*d - 4*d - 980, -d - 238 = -o. What are the prime factors of o?
2, 11
Suppose 8*i - 279 = 5*i. What are the prime factors of i?
3, 31
Suppose 0 = 4*z - 5*g + 6, 4*z + 2*g + 2*g = -24. List the prime factors of 1*17 - (z + 7).
2, 7
Let a = -231 + 594. What are the prime factors of a?
3, 11
Let q(u) = 3*u**2 - 5*u + 2. List the prime factors of q(5).
2, 13
Let o = 3 + -2. Suppose j - o = -3*c + 3, -4*c + 12 = 0. Let d = j - -12. List the prime factors of d.
7
Let l(u) = 0*u**3 - 6 + 0*u**3 - u**3 - 6*u**2 - 2*u. Let k be l(-6). What are the prime factors of (20/6)/(2/k)?
2, 5
Suppose -w + 7 = -32. Suppose 0 = -k - k + 5*c + 82, -k = -2*c - w. What are the prime factors of k?
31
Let o be 1 + (1 - -1) - 3. Let d(w) = -w + 6. List the prime factors of d(o).
2, 3
Suppose -4*b + 502 + 336 = 5*l, -4*l + 692 = -4*b. What are the prime factors of l?
2, 5, 17
Let p = 97 + -43. Let d be 1/(2*3/p). Suppose -l + d = -4. What are the prime factors of l?
13
What are the prime factors of (-3)/((-2)/(16/6))?
2
Suppose 762 = 13*l + 99. What are the prime factors of l?
3, 17
Suppose -m - m = 5*b - 24, 5*m - 5*b = 130. Let j = m + -12. List the prime factors of j.
2, 5
Let t = 68 + -47. Let r = t + 32. What are the prime factors of r?
53
Suppose -8*x + 197 = -507. What are the prime factors of x?
2, 11
Let h = 8 - 6. Suppose 28 = h*l + 2*l. What are the prime factors of l?
7
Let r(w) = 2*w**3 - 4*w**2 - 5*w. List the prime factors of r(4).
2, 11
Suppose -2*l + 72 = -4*f, -l + 2*f + 36 = -f. Suppose 2*i = 5*i - l. What are the prime factors of i?
2, 3
Suppose i = 3*d - 0*i - 9, 5 = d - i. Suppose -d*k = -k. Suppose k = -3*p + 15 - 3. What are the prime factors of p?
2
Suppose -4*z - 3*z + 1043 = 0. List the prime factors of z.
149
Let k = 8 + -17. Let y(i) = i + 11. Let l be y(k). Suppose 5*j - l*j = 24. List the prime factors of j.
2
Suppose 5*b - 122 = -47. Let l(x) = 2*x**2 - 20*x + 36. Let y be l(13). List the prime factors of y/15 + 6/b.
2
List the prime factors of (21/(-14))/((-6)/172).
43
Let t = 2 + -6. Let g be (2/(-3))/(t/6). What are the prime factors of 12*((-9)/(-6) - g)?
2, 3
Let j(y) = -3*y + 49. What are the prime factors of j(-14)?
7, 13
Let h(o) = -o. Let w be h(-2). Suppose -4*z = -3*g + 144, 2*g - 144 = -g + 3*z. Suppose g = 6*d - w*d. List the prime factors of d.
2, 3
Let m = 360 - 193. Suppose -m = -5*k + 18. List the prime factors of k.
37
Suppose 3*b - 3 = 3. Suppose -b*c = -0*c - 6. List the prime factors of c.
3
Let b be 6/((-3)/(-1)) - 18. Let s be (-4)/(-10) - b/10. Suppose -5*n = t - 92, 0 = 2*n - s*t - 0*t - 32. What are the prime factors of n?
2, 3
Let a(n) = 2*n**2 + n**2 + 12 - n**3 - 17*n**2. What are the prime factors of a(-14)?
2, 3
Let g be 7/(21/(-12))*5. Let z = -12 - g. List the prime factors of z.
2
Let k = -103 - -172. List the prime factors of k.
3, 23
Let i(a) = a**3 + 9*a**2 + 6*a + 1. Let q = -22 + 14. What are the prime factors of i(q)?
17
Suppose -q + 2*q + 5*y = -7, 3*y = q + 7. Let c(f) = -2*f + 1. Let a be c(-9). Let l = a + q. What are the prime factors of l?
2, 3
Suppose 4*d + j = 6*j - 128, -5*j = 5*d + 115. What are the prime factors of -18*3/(d/6)?
2, 3
Let z = 996 - 675. List the prime factors of z.
3, 107
Suppose 0 = n - 0 - 4. List the prime fac